hest common divisor of z and 952?
34
Suppose -1700 = -4*x - 272. What is the greatest common factor of x and 21?
21
Let o be (-1772)/(-28) + 4/(-14). Suppose 3*i = -5*c + 2*i + o, c - 2*i - 6 = 0. Calculate the highest common factor of c and 108.
12
Suppose -3*k + 16 = k. Suppose 4*s - 104 = 4*b, k*b - 56 = -s - b. Calculate the highest common factor of s and 124.
31
Suppose 80 = -9*i + 13*i. Let x = 94 + 126. Calculate the greatest common factor of i and x.
20
Let r be (-6)/(-24)*2*512. Calculate the highest common divisor of r and 4.
4
Suppose -554 - 4054 = -72*n. What is the highest common factor of 240 and n?
16
Let m be ((-48)/4 - -129)*2. Calculate the highest common divisor of 9 and m.
9
Let m = -54 - -99. Let h be 16/(27/m*2/21). Calculate the greatest common divisor of 35 and h.
35
Let y = 266 - 82. Suppose -y = -n - 3*x, -3*n = -n + 5*x - 363. Let u = n + -97. Calculate the highest common divisor of 24 and u.
24
Suppose -6*a + 12*a = 0. Suppose -5*f + 394 = 3*b, -4*f + b + 430 - 108 = a. Calculate the greatest common factor of 16 and f.
16
Let p = -24 - -17. Let t(j) = 5*j - j**2 + 1 - 10*j - 2*j. Let w be t(p). What is the greatest common divisor of 11 and w?
1
Suppose 5*k - u = 1480, -4*u + 369 - 52 = k. Calculate the highest common factor of 27 and k.
27
Suppose -2*q + 33 = q. Suppose 12 = q*s - 7*s. Suppose -13 = -s*d + 23. What is the highest common divisor of d and 30?
6
Suppose 3*a + 89 - 143 = 0. Suppose -a*r + 23*r = 90. What is the highest common factor of 54 and r?
18
Suppose 19*i + 1058 = 20*i. Calculate the greatest common divisor of i and 46.
46
Let i(q) = 8*q**2 - 10*q + 2. Let p(r) = r + 11. Let x be p(-7). Let k be i(x). What is the greatest common divisor of k and 36?
18
Suppose 24 = 2*i - 30. Let c(r) = 23*r - 134. Let s be c(7). What is the highest common divisor of s and i?
27
Suppose -22*l - 42 = -25*l. Suppose -41*p + 44*p = 336. Calculate the greatest common factor of l and p.
14
Let c(s) = s**3 + 10*s**2 + 2*s - 2. Let j be c(-10). Let i = j + 24. Let u be i/(-16) - 2090/(-80). What is the greatest common factor of u and 286?
26
Let c(k) = -k**2. Let m be c(-4). Let b = m - -25. What is the greatest common divisor of b and 81?
9
Let m = -49 - -91. Let s = m + -41. Calculate the highest common divisor of 9 and s.
1
Suppose 12*s - 18*s + 12 = 0. Suppose 3*l - 98 = -l - s*f, 2*l - 51 = -3*f. Calculate the greatest common divisor of 24 and l.
24
Let g(w) = -6*w - 1 - 2 - 27*w. Let b be g(-1). What is the greatest common factor of b and 20?
10
Let v = 22 + -19. What is the highest common factor of v and 96?
3
Let f(o) = 13*o**2 + 2*o - 2. Let w be f(3). Suppose -2*k - 2 + 0 = 0. Let t be 66/(-12)*(k - 1). What is the greatest common factor of t and w?
11
Let m = -5 - -8. Let q be ((-161)/(-644))/(2/408). Calculate the greatest common factor of m and q.
3
Suppose -3*t + 1187 - 188 = 0. Suppose -t = 16*m - 19*m. Calculate the greatest common divisor of m and 37.
37
Let m = 593 + -561. Let f = -41 + 57. What is the highest common factor of m and f?
16
Suppose -2*a - 2*o = -6*o + 38, -4*a = 3*o + 98. Let b = a + 49. Calculate the greatest common factor of 39 and b.
13
Suppose -4*r = 2*r + 36. Let w be -3 + 3 + r/(-2). What is the greatest common divisor of w and 27?
3
Let m = 444 + -140. Calculate the greatest common divisor of m and 16.
16
Suppose 0*r - 18 = -3*r. Suppose 5*t - 20 = 5*w, -w = t - r*w. Let v = t - -4. Calculate the greatest common divisor of v and 18.
9
Suppose 10*f - 5*f - 30 = 0. Suppose f*s + 275 = 737. What is the greatest common factor of 11 and s?
11
Let y(h) = h**3 - 3*h**2 - 26*h - 12. Let c be y(7). Calculate the highest common factor of c and 4.
2
Let m = -40 + 2. Let t = -8 - m. Calculate the highest common divisor of 60 and t.
30
Let u be ((-114)/38)/(1/(-7)). Let w be -2*21/(-6)*33. Calculate the highest common divisor of w and u.
21
Let y(t) = t**3 - 2*t**2 + 4. Let n be y(4). Let p(v) = -26*v - 147. Let u be p(-6). Calculate the highest common divisor of u and n.
9
Let c(y) be the first derivative of -y**4 + 2*y**3 + y**2/2 - 6. Let h be c(5). Let u = h + 505. What is the greatest common divisor of 20 and u?
20
Suppose -4*v - 7 = 3*z, -2 + 1 = 2*v + z. Let u be -1 + v - 42/(-3). What is the greatest common factor of u and 3?
3
Let p(u) = u**3 - 2*u**2 + 4*u - 4. Let q be p(2). Suppose h + q*h = -4*r + 5, -3*r = -3*h + 30. Calculate the highest common divisor of 35 and h.
5
Suppose -18 = 11*v - 447. Let b be -3 - (-13)/(v/36). Calculate the highest common factor of 1 and b.
1
Let a be (-2)/(-1) + (-3 - -16). Suppose 13*q + 2 = a*q. What is the highest common factor of 1 and q?
1
Suppose 3*r - 8*r + 9965 = 5*t, 4*r - 3988 = -2*t. What is the highest common divisor of 24 and t?
24
Let d(b) = -b**3 - 2*b**2 - 3*b - 3. Let i be d(-3). Suppose -7*h + h = -18. Let o be 139 + h*(-4)/3. Calculate the greatest common divisor of o and i.
15
Let t = 78 + -60. Suppose -5*i + 71 + 60 = -4*w, 2*i = w + 53. Calculate the highest common factor of i and t.
9
Let s be (0/5 + 0)*1. Suppose -4*m = r - 193, -m + s*r + 58 = -3*r. Calculate the greatest common divisor of m and 392.
49
Let r(n) = n**3 + 6*n**2 + 3*n - 6. Let y be r(-5). Suppose -6*b = -y*b - 8. Let x be (-8)/32 + 65/b. Calculate the greatest common divisor of x and 24.
8
Suppose -5*l = -0*l + 3*o - 15, -4*o = 0. Calculate the greatest common divisor of 159 and l.
3
Suppose 183 = 15*w - 447. Let m = -30 - -42. What is the greatest common factor of m and w?
6
Let x = 62 + 90. Suppose x = 7*q - 100. What is the highest common factor of q and 144?
36
Let s be 2*68 - 308/(-44). Calculate the highest common divisor of 117 and s.
13
Suppose -506 - 649 = -3*i. Calculate the greatest common factor of 55 and i.
55
Let s(b) = 6*b - 11. Let o be s(10). Let p be (o - (-4 + 7)) + -4. What is the highest common divisor of p and 63?
21
Let i = 108 - 106. Let z be (-7 - -313) + (2 - i)/(-2). Calculate the greatest common factor of z and 34.
34
Let b(p) = 3*p**2 - 12. Suppose 26 = 2*o + o + 4*n, 2*o - 5*n = 2. Let j be b(o). Let c be (2/(-3))/((-16)/j). Calculate the highest common divisor of 36 and c.
4
Let t = -72 - -110. Suppose -11*u + 18*u = 133. Calculate the greatest common factor of u and t.
19
Suppose 10*f - 4262 = -222. What is the highest common divisor of f and 303?
101
Let k(c) = -6*c + 75. Let m be k(-20). Calculate the greatest common divisor of m and 325.
65
Let n be 1 + 5/1*12/10. Let b be (51 + -5 + 2)*n/2. Calculate the greatest common divisor of b and 21.
21
Let j be ((-1)/1)/((-1)/7*1). Let l be j/((-56)/(-180))*(-12)/(-9). What is the greatest common factor of 210 and l?
30
Suppose -24*h + 26*h - 322 = 0. What is the greatest common divisor of h and 69?
23
Suppose -4*t + 78 = -2*i + 4*i, 0 = -3*t - 5*i + 55. Suppose t = 8*j - 3*j. Calculate the highest common divisor of 32 and j.
4
Let u(j) = -j**2 - 31*j + 42. Let i be u(-22). What is the highest common factor of 30 and i?
30
Suppose -g = 4*k - 475, 6*k - 2*g - 610 = k. Let j(x) = x**3 - 8*x**2 + 5*x - 16. Let q be j(8). What is the greatest common factor of k and q?
24
Let s(z) = 24*z**2 - 20*z - 73. Let k be s(-5). Calculate the highest common divisor of k and 165.
33
Suppose 12*p - 1083 = -5*s + 10*p, 2*s = -2*p + 438. Calculate the highest common factor of s and 172.
43
Let p be ((-90)/12)/((-15)/1720). Calculate the highest common factor of 43 and p.
43
Let s(h) = -h**3 - h**2 + 8*h + 4. Let g be s(-5). Let x be -1 + 22/4 + 20/40. Suppose x*i = 36 + 4. Calculate the greatest common factor of i and g.
8
Let m = -246 - -273. Calculate the highest common factor of m and 3.
3
Let b(r) = r**3 + r**2 + 3*r - 3. Let u be b(3). Suppose -4*k - 925 = -1037. Calculate the highest common divisor of k and u.
14
Let u(h) = h**2 - h + 3. Let n be u(-11). Let v = -121 + n. Calculate the greatest common divisor of v and 196.
14
Let p be 8/(14/(-105)*-5). Let z be 2*(-1)/2 + 109. Calculate the highest common factor of p and z.
12
Suppose 0 = 2*t - l + 78, 117 = -0*t - 3*t + 5*l. Let u = 117 + t. Let p = u + -45. What is the greatest common factor of 231 and p?
33
Suppose 0 = -2*p - 3*x - 21, 3*p + 4*x = 5*x - 37. Let l be -18*((-28)/p + -3). Let r = 32 - l. Calculate the greatest common divisor of